pose q*k - 33*k + 18275 = 0. What is the units digit of k?
1
Let y = 7393 - 5001. Let h = y - 1098. What is the tens digit of h?
9
Let r(m) = -931*m**3 + m**2 + 35*m + 68. What is the hundreds digit of r(-2)?
4
Suppose 8*x + 5*x - 2*x = 69333. What is the units digit of x?
3
Suppose 117425 = 4*v + 25625. Suppose -v = 17*x - 62*x. What is the units digit of x?
0
Let u(j) = -j**3 - 10*j**2 + 2. Let w(v) = v**2 + 12*v - 10. Let d be w(-12). Let o be u(d). Suppose 67 = o*f - 83. What is the tens digit of f?
7
What is the hundreds digit of (-852 + 2)*(-385)/154?
1
Suppose -1308 = 9*u + 897. Let y = 264 + u. What is the units digit of y?
9
Let r be (10/(-15))/(2 - (-4)/(-3)). Let x be 70/(-21) - -3 - r/3. Suppose k - 5*l - 64 = x, 5*k - l = 172 + 196. What is the units digit of k?
4
Let b = 7959 + 29401. What is the tens digit of b?
6
Suppose -w = a + 2 - 0, -14 = -w + 3*a. Let f = -2561 + 2565. Suppose f*b = -5*q + w*b + 490, 4*q - 390 = -2*b. What is the hundreds digit of q?
1
What is the units digit of (36/10)/(9939968/993990 + -10)?
3
Suppose -3 = -j + 3*s, 2*j + 36 = 6*j - 4*s. What is the tens digit of (7 - 9)*(-3)/j*26?
1
Suppose -4*s + 1225 + 21144 = -5*w, 5*s = -4*w + 28033. What is the tens digit of s?
0
Suppose -17*o - c = -12*o - 24, -12 = 2*o - 5*c. Suppose -4*f + 2028 = o*i - 0*f, -3*i + 3*f + 1509 = 0. What is the hundreds digit of i?
5
Let k(v) = -v**3 + 12*v**2 + 14*v - 11. Let x be -3 - 48/(-2 + -1). Let r be k(x). What is the tens digit of ((-65)/(-4))/(r/8)?
6
Let q(o) = 15*o**2 - 3*o + 1. Suppose -4 = -4*g + 2*a - 0, -3*a - 2 = -2*g. Let k be q(g). Let w = k - -37. What is the units digit of w?
0
Let c(m) be the third derivative of -29*m**4/6 - 8*m**3/3 + 3*m**2 - 5. What is the tens digit of c(-4)?
4
Let l(n) = 26*n - 235. Let f be l(12). Suppose -2*r + 6*r - u = 58, 0 = -2*u + 4. Let d = f + r. What is the tens digit of d?
9
Suppose -2*h + 50 = -68. Let w(l) = 3 - h*l**2 + 5*l - l + 164*l**2. What is the units digit of w(-1)?
4
Suppose 125*k - 121*k - 4*c = 180, 4*k - 5*c = 180. Let z(u) = 2*u**2 + 6*u - 8. Let v be z(-6). Suppose v*b + k = 29*b. What is the units digit of b?
5
Let z be (30/18)/((-5)/(-36)). What is the units digit of (z/14)/(22/24101)?
9
Suppose 59051 + 77538 = 20*b - 64851. What is the thousands digit of b?
0
Let q = 319 + -220. Let l = q - -442. What is the hundreds digit of l?
5
What is the tens digit of ((-2267)/2)/(1/(-210) + 56/(-588))?
3
Let d(v) = v**3 - 9*v**2 - 2*v + 7. Let m be d(9). Let s(r) = -34*r + 5. Let i(n) = 62*n - 8. Let b(a) = -4*i(a) - 7*s(a). What is the units digit of b(m)?
7
Suppose -d + x + 5727 = 0, -4*d = x + 6256 - 29164. Suppose d - 615 = 4*l. What is the units digit of l?
8
Suppose 4025 = 3*p + 4*d, -7*p + 9*p = -4*d + 2690. Suppose 0 = 5*b + 2*w - 3310, 4*w - p = -2*b + w. What is the hundreds digit of b?
6
What is the thousands digit of -2*(78/(-12) - -7)*-55921?
5
Let g = 710 - 423. Let t = g + -159. Suppose 5*d - 348 = -t. What is the units digit of d?
4
Let p(l) = -l**3 - l**2 + 1. Let f(z) = 3*z**3 - 11*z**2 + 14*z + 13. Let s(g) = -f(g) - 4*p(g). What is the hundreds digit of s(-14)?
3
Suppose 21 = r - 4*q, 0 = 4*r + 2*q + 19 - 103. Let p = 2 - r. Let d = 25 + p. What is the units digit of d?
6
Let f(o) = -219*o - 160. What is the hundreds digit of f(-14)?
9
Let x(f) = -5*f**3 + 2*f**2 - 7*f - 595. Let a(w) = w**3 + w + 1. Let v(s) = -6*a(s) - x(s). What is the units digit of v(0)?
9
Let g(s) = -2 + 11 + 51*s + 180*s + 72*s. What is the hundreds digit of g(3)?
9
Suppose 0 = -3*l + 5*x + 6371, l - 1023 = -3*x + 1110. Suppose 4*c - 2105 = l. What is the units digit of c?
8
Let i be ((-16)/(-64))/(1/164). Suppose -2*u = 37 + i. Let z = u + 49. What is the units digit of z?
0
Suppose 0 = p - 4*v - 7727 - 5910, 0 = -4*p - 2*v + 54458. What is the thousands digit of p?
3
Suppose -23*x + 1928 = y - 20*x, 3*y - 4*x - 5771 = 0. What is the tens digit of y?
2
Let l(n) = 26*n + 8. Let d be l(-4). Let p be 0/2 - d*(3 + -1). Suppose -p - 189 = -3*c. What is the tens digit of c?
2
Suppose t - 5*i = 1, -3*t - 8 = -3*i + 1. Let g(b) = -3*b**3 - 5*b**2 + 10. Let k be g(t). Let f = k - 70. What is the units digit of f?
2
Let k = 812 + 877. What is the hundreds digit of k?
6
Let n(u) = -u + 1. Let x(p) = -27*p - 71. Let r(l) = -4*n(l) - x(l). What is the units digit of r(10)?
7
Let x be 18 - (-9)/(-6)*(-4)/6. Suppose -17*q + 280 = -x*q. What is the hundreds digit of (-27524)/q + (-6)/10?
1
Let j(d) = 483*d**3 + d**2 - 6*d + 4. Let w be j(1). Suppose 2484 = 7*b + w. What is the tens digit of b?
8
Let x(h) = -h**3 - 75*h**2 + 92*h - 108. What is the tens digit of x(-77)?
6
Let q(y) = 55*y**2 + 49*y - 343. What is the thousands digit of q(9)?
4
Let u(b) be the first derivative of -2*b**4 - 32*b**3 - 7*b**2/2 - 28*b + 35. What is the tens digit of u(-13)?
1
Let a = -30 - -34. Suppose -a*t = -28 + 12. Suppose 0 = -t*s - 99 + 467. What is the tens digit of s?
9
Let j = 13 - 8. Let d be (-943)/(-3) - 4/(-96)*-8. Suppose -d = -2*v - 5*r, j*v - 5*r = 909 - 194. What is the units digit of v?
7
Let j(p) = 7*p**2 - p + 9. Let s be 49/10 + 12/120. What is the hundreds digit of j(s)?
1
Suppose 90785 + 56509 = 54*n - 50508. What is the thousands digit of n?
3
Suppose 60*z - 140 = 53*z. Let w = z - -212. What is the hundreds digit of w?
2
Suppose -4*b + 0*b + 12 = -j, 3*b - 3*j = 18. Let y = b - -1. Suppose k = y*k - 220. What is the tens digit of k?
1
What is the tens digit of (-3 - (0 - 2))*(0 - (-1192)/(-2))?
9
Let h(k) = 174*k**2 - 4*k - 6. Let o be h(-2). Suppose 25*t = 27*t - o. What is the tens digit of t?
4
Let z = 3408 - 1989. Suppose 0 = 15*w - z + 294. What is the tens digit of w?
7
What is the hundreds digit of (474 - 487)*(-1513 + 0)?
6
Let o(c) = 5 + 8 + 70*c - 13 - 5. What is the hundreds digit of o(7)?
4
Suppose 4*f - 3*b - 27 = 0, 2 + 8 = -2*b. Suppose -f*m = -6*m + 558. What is the hundreds digit of m?
1
Suppose 7*c - 264 = -229. Let t(v) = 41*v**2 - 38*v + 202. What is the thousands digit of t(c)?
1
Suppose 9 = 3*n - 0*n, 0 = j - 4*n + 27. Let k(s) = -s**2 - 13*s + 30. Let p be k(j). Suppose 5*u - 20 = p, -c - 3 = -2*u - 42. What is the tens digit of c?
4
What is the thousands digit of (-18917250)/(-770) + (-56)/(-49)?
4
Let y be 2 + 1 + -4 + 64. Suppose y*f - 12 = 67*f. Let b = 109 + f. What is the hundreds digit of b?
1
Suppose -23*i = -32*i + 9. Let s(f) = 297*f**3 - 2*f**2 - 5*f + 7. What is the tens digit of s(i)?
9
Let a(u) = 11*u + 184. Let x be a(-16). Suppose -6540 = -5*n + 5*m, 5*n - 6*m - 6575 = -x*m. What is the tens digit of n?
1
Let s(i) = -i**3 + 4*i**2 - 62*i - 89. What is the tens digit of s(-30)?
7
What is the hundreds digit of (-871266)/(-22)*(0 + 1/3)?
2
Let z(y) be the third derivative of y**6/120 + 3*y**5/5 - y**4/4 - 103*y**3/6 + 84*y**2. What is the hundreds digit of z(-36)?
1
Let s(h) = 9*h**2 - 57*h - 406. What is the tens digit of s(-14)?
5
Let a(l) = -7*l - 39. Let h be a(-6). Suppose h*g + 3*r + 27 = 6*r, 4*r = 2*g + 28. What is the tens digit of (g/6)/(20/(-1290))?
4
Let r(j) = -j**3 - 86*j**2 - 26*j - 488. What is the units digit of r(-86)?
8
Suppose 2072441 + 570456 = 212*h - 2380655. What is the ten thousands digit of h?
2
Let c(v) = 102*v**2 - 3*v + 2. Let r(x) = -101*x**2 + 3*x - 1. Let n(j) = -5*c(j) - 6*r(j). Let l be n(-2). Let y = 545 - l. What is the tens digit of y?
5
Let r(b) = b**3 + 18*b**2 - 20*b - 20. Let z be r(-19). Let h be (1*z)/(3/(-9)). Suppose h*v + 183 = 3*q, -2*q + v + 0*v = -120. What is the tens digit of q?
5
What is the hundreds digit of (-4655)/(-4) + (84/(-40))/((-18)/(-15))?
1
Suppose 57901 - 179321 = -52*n. Suppose -45*f = 3*k - 44*f - n, k = 4*f + 761. What is the units digit of k?
7
Let j be (-8)/(-6) + 4/6. Suppose 2*n - c = 1167, j*n + 0*c - 1155 = -3*c. What is the units digit of n?
2
Suppose 3*y - 6*p = -7*p + 31, 0 = 2*y + 4*p - 14. Suppose 10*b + 3*x = y*b - 1401, -5*b + 4*x = -7016. What is the thousands digit of b?
1
Let n = 1542 + -1099. Suppose n = 12*a - 1165. What is the units digit of a?
4
Suppose 2*z = -2*z + 156. Let k = z - 35. Suppose -758 = -4*l - c + k*c, 0 = -5*l - 2*c + 936. What is the hundreds digit of l?
1
Let i be (-1)/((-1)/(-12)*3/6). Let b be i*(-4 + 5/(-3) + 4). What is the tens digit of (11